{"id":6995,"date":"2024-09-25T16:02:16","date_gmt":"2024-09-25T14:02:16","guid":{"rendered":"https:\/\/www.babyloniababycarriers.eu\/product\/flexia-green-mint\/"},"modified":"2025-01-28T14:27:02","modified_gmt":"2025-01-28T13:27:02","slug":"flexia-green-mint","status":"publish","type":"product","link":"https:\/\/www.babyloniababycarriers.eu\/cs\/product\/flexia-green-mint\/","title":{"rendered":"Flexia Zelen\u00e1 m\u00e1ta"},"content":{"rendered":"<p>Seznamte se s nos\u00edtkem Flexia: nad\u010dasov\u00e9 nos\u00edtko, nyn\u00ed v nov\u00e9m vzhledu! Nos\u00edtko Flexia, kter\u00e9 si rodi\u010de dlouhodob\u011b obl\u00edbili, je proslul\u00e9 svou p\u0159izp\u016fsobivost\u00ed a nab\u00edz\u00ed v\u00e1m i va\u0161emu d\u011b\u0165\u00e1tku dokonal\u00e9 p\u0159izp\u016fsoben\u00ed od narozen\u00ed a\u017e do 4 let. Nastaviteln\u00e9 panely nab\u00edzej\u00ed va\u0161emu d\u00edt\u011bti pohodln\u00e9 a ergonomick\u00e9 sezen\u00ed a zaji\u0161\u0165uj\u00ed pohodln\u00e9 no\u0161en\u00ed ve v\u0161ech f\u00e1z\u00edch r\u016fstu. Nyn\u00ed je k dispozici v uvoln\u011bn\u00e9m, modern\u00edm designu, tak\u017ee se autoseda\u010dka Flexia hod\u00ed pro ka\u017ed\u00fd styl a p\u0159\u00edle\u017eitost.<\/p>\n<p>Vhodn\u00e1 od narozen\u00ed do 4 let Vyrobena z organick\u00e9 bavlny K dispozici ve 3 m\u00f3dn\u00edch barv\u00e1ch Udr\u017eiteln\u00e1 a ekologick\u00e1 Snadno pou\u017eiteln\u00e1 autoseda\u010dka Flexia, kde se styl snoub\u00ed s pohodl\u00edm pro rodi\u010de i d\u00edt\u011b.  <\/p>\n","protected":false},"excerpt":{"rendered":"<p>Seznamte se s nos\u00edtkem Flexia: nad\u010dasov\u00e9 nos\u00edtko, nyn\u00ed v nov\u00e9m vzhledu! Nos\u00edtko Flexia, kter\u00e9 si rodi\u010de dlouhodob\u011b obl\u00edbili, je proslul\u00e9 svou p\u0159izp\u016fsobivost\u00ed a nab\u00edz\u00ed v\u00e1m i va\u0161emu d\u011b\u0165\u00e1tku dokonal\u00e9 p\u0159izp\u016fsoben\u00ed od narozen\u00ed a\u017e do 4 let. Nastaviteln\u00e9 panely nab\u00edzej\u00ed va\u0161emu d\u00edt\u011bti pohodln\u00e9 a ergonomick\u00e9 sezen\u00ed a zaji\u0161\u0165uj\u00ed pohodln\u00e9 no\u0161en\u00ed ve v\u0161ech f\u00e1z\u00edch r\u016fstu. Nyn\u00ed je [&hellip;]<\/p>\n","protected":false},"featured_media":6311,"comment_status":"open","ping_status":"closed","template":"","meta":[],"product_brand":[],"product_cat":[103],"product_tag":[],"class_list":{"0":"post-6995","1":"product","2":"type-product","3":"status-publish","4":"has-post-thumbnail","6":"product_cat-ergonomische-draagzakken-cs","8":"first","9":"instock","10":"featured","11":"taxable","12":"shipping-taxable","13":"purchasable","14":"product-type-simple"},"jetpack_sharing_enabled":true,"_links":{"self":[{"href":"https:\/\/www.babyloniababycarriers.eu\/cs\/wp-json\/wp\/v2\/product\/6995","targetHints":{"allow":["GET"]}}],"collection":[{"href":"https:\/\/www.babyloniababycarriers.eu\/cs\/wp-json\/wp\/v2\/product"}],"about":[{"href":"https:\/\/www.babyloniababycarriers.eu\/cs\/wp-json\/wp\/v2\/types\/product"}],"replies":[{"embeddable":true,"href":"https:\/\/www.babyloniababycarriers.eu\/cs\/wp-json\/wp\/v2\/comments?post=6995"}],"version-history":[{"count":1,"href":"https:\/\/www.babyloniababycarriers.eu\/cs\/wp-json\/wp\/v2\/product\/6995\/revisions"}],"predecessor-version":[{"id":8741,"href":"https:\/\/www.babyloniababycarriers.eu\/cs\/wp-json\/wp\/v2\/product\/6995\/revisions\/8741"}],"wp:featuredmedia":[{"embeddable":true,"href":"https:\/\/www.babyloniababycarriers.eu\/cs\/wp-json\/wp\/v2\/media\/6311"}],"wp:attachment":[{"href":"https:\/\/www.babyloniababycarriers.eu\/cs\/wp-json\/wp\/v2\/media?parent=6995"}],"wp:term":[{"taxonomy":"product_brand","embeddable":true,"href":"https:\/\/www.babyloniababycarriers.eu\/cs\/wp-json\/wp\/v2\/product_brand?post=6995"},{"taxonomy":"product_cat","embeddable":true,"href":"https:\/\/www.babyloniababycarriers.eu\/cs\/wp-json\/wp\/v2\/product_cat?post=6995"},{"taxonomy":"product_tag","embeddable":true,"href":"https:\/\/www.babyloniababycarriers.eu\/cs\/wp-json\/wp\/v2\/product_tag?post=6995"}],"curies":[{"name":"wp","href":"https:\/\/api.w.org\/{rel}","templated":true}]}}

Flexia Zelená máta

<p>Seznamte se s nosítkem Flexia: nadčasové nosítko, nyní v novém vzhledu! Nosítko Flexia, které si rodiče dlouhodobě oblíbili, je proslulé svou přizpůsobivostí a nabízí vám i vašemu děťátku dokonalé přizpůsobení od narození až do 4 let. Nastavitelné panely nabízejí vašemu dítěti pohodlné a ergonomické sezení a zajišťují pohodlné nošení ve všech fázích růstu. Nyní je k dispozici v uvolněném, moderním designu, takže se autosedačka Flexia hodí pro každý styl a příležitost.</p>
<p>Vhodná od narození do 4 let Vyrobena z organické bavlny K dispozici ve 3 módních barvách Udržitelná a ekologická Snadno použitelná autosedačka Flexia, kde se styl snoubí s pohodlím pro rodiče i dítě.  </p>

<p>Seznamte se s nosítkem Flexia: nadčasové nosítko, nyní v novém vzhledu! Nosítko Flexia, které si rodiče dlouhodobě oblíbili, je proslulé svou přizpůsobivostí a nabízí vám i vašemu děťátku dokonalé přizpůsobení od narození až do 4 let. Nastavitelné panely nabízejí vašemu dítěti pohodlné a ergonomické sezení a zajišťují pohodlné nošení ve všech fázích růstu. Nyní je [&hellip;]</p>
